x).
2, 5
List the prime factors of (12/20)/(3 - 41232/13745).
2749
Suppose -3*w = -4*w + 24. Let z(v) = v + 1. Let h be z(2). Let m = w + h. What are the prime factors of m?
3
Let p be 5 - 8 - (2 - -1). List the prime factors of 59 + 1/(2/p).
2, 7
Suppose 2*m = 5*i - 1475, -22*i - 3*m - 590 = -24*i. What are the prime factors of i?
5, 59
What are the prime factors of (2 - -2)/(((-44)/1170)/(-11))?
2, 3, 5, 13
Suppose 0 = 5*z - 5*s - 3320, 1319 = 16*z - 14*z + s. What are the prime factors of z?
661
Let f = -36 - -105. Let k = f + -20. Let t = k - 21. What are the prime factors of t?
2, 7
Suppose 2*f + 73 = 3*f. Suppose 3*b = 2*b + f. List the prime factors of b.
73
Suppose 8*x = 18700 - 300. What are the prime factors of x?
2, 5, 23
Let z(g) = -1 + 2*g**3 - g**2 + 5*g**3 - 3 + 5 - 3*g. List the prime factors of z(2).
47
Let l = -228 + 256. What are the prime factors of l?
2, 7
Let d be (12/14)/(6/28). Suppose 0 = d*c - 5*o - 58, -2*c + c = -o - 14. What are the prime factors of 352/c - (-2)/3?
2, 3, 5
Let m = -671 + 1797. List the prime factors of m.
2, 563
Suppose 0*v + 5*n = -4*v + 270, -3*v + 199 = 2*n. Let y = v + 216. List the prime factors of y.
281
Let q be -53 - (3 - -1 - 2). Let m = 116 + q. List the prime factors of m.
61
Let p(w) = 2*w + 8. Let z be p(4). Suppose g - 10*g + 54 = 0. Let i = z - g. What are the prime factors of i?
2, 5
Suppose 5*d - 967 = -242. Let s = d - 100. What are the prime factors of s?
3, 5
Let d = -87 - -87. What are the prime factors of 4/6*2*(d - -144)?
2, 3
Let a be ((-3)/2)/((-1)/(-8)). List the prime factors of (442/(-39))/(2/a).
2, 17
Let p(q) = q**2 + 12*q - 5. Let b(z) = z**2 + 13*z - 1. Let w be b(-12). Let s be p(w). Let k = 28 + s. List the prime factors of k.
2, 3
Suppose -56*z + 29631 = -42553. What are the prime factors of z?
1289
Suppose -5*g + 5*m = -2*g + 61, 2*g + 49 = 5*m. Let r = -10 - g. Suppose 0*s + r*s + 3*j - 41 = 0, 2*s = -j + 39. List the prime factors of s.
19
What are the prime factors of -3 - -7 - 11431/(-7)?
1637
Let b(x) = 10*x + 38. Let j be b(11). Suppose 0*z + j = 4*z. What are the prime factors of z?
37
Let n = 21 - 21. What are the prime factors of 22 + n - -2 - 4?
2, 5
Suppose -1328 = -2*c + s, -4*c - 5*s + 2626 + 16 = 0. List the prime factors of c.
3, 13, 17
Let a(p) = p + 1. Let f be a(-3). Let x be f/(-9) - (-16)/9. Suppose -t + x*t = 27. What are the prime factors of t?
3
Let a(p) = p**2 - 3*p - 5. Let u be a(5). Suppose -49 = -2*j + u*q, 3*q = -q + 4. Let n = j - 4. What are the prime factors of n?
23
Suppose 36 + 0 = 6*j. Suppose -9*d + j*d + 12 = 0. Suppose -d = 4*c - 5*t - 69, 3*t = 2*c - 33. What are the prime factors of c?
3, 5
Let h be (-398)/(-9) + (-2)/9. Suppose z - 22 = -2*s, -5*z + h = -5*s - 141. Let g = -23 + z. List the prime factors of g.
3
Let y(j) = 4*j**2 - 16*j + 51. What are the prime factors of y(11)?
359
Suppose 4*z = 3*h - 40 + 3, 2*z + 13 = h. Let d(g) = 9*g - 27. What are the prime factors of d(h)?
2, 3
Let o be (-27)/(-1) + -2*2. Let z = o + -22. Let h(g) = 42*g**3 - g**2 - g + 1. What are the prime factors of h(z)?
41
Let t(h) = -59*h - 7 - 15 + 4*h + 11. What are the prime factors of t(-3)?
2, 7, 11
Suppose 2*o - 119 = 99. Let t = o + -69. What are the prime factors of t?
2, 5
Let n(i) = -i**2 + 22*i - 1. Let u = 10 + 8. What are the prime factors of n(u)?
71
Let k = 197 - 418. What are the prime factors of 0 - (-20)/(-4) - k?
2, 3
Let b(d) be the second derivative of -9*d**5/5 - d**4/4 - d**3/3 - 3*d. List the prime factors of b(-2).
2, 5, 7
Suppose -15*w + 4709 = -12811. What are the prime factors of w?
2, 73
Suppose 6*k = k - u + 1513, -2*k = 2*u - 610. List the prime factors of k.
2, 151
Let g(d) = 4*d - 17. Let u be g(9). Let r = u - 15. List the prime factors of (4/6)/(r/78).
13
Suppose -2*p + 60 = 4*t, 0 = 5*t + 5*p - 100 + 15. Let c(i) = -i**3 + 12*i**2 + 14*i - 10. Let s be c(t). Let j = 13 + s. List the prime factors of j.
2
Suppose -8*b + 860 = -2804. List the prime factors of b.
2, 229
Let i be -2059 + 0 - (-4 - -3). Let h be i/(-30) + (-3)/5. Suppose 4*y - h = -0*y. What are the prime factors of y?
17
Suppose -30 - 235 = 5*f. Let j = 37 + -55. Let d = j - f. List the prime factors of d.
5, 7
Suppose -2*k + 6*k = -5*t - 677, -5*t + 15 = 0. Let y = -61 - k. What are the prime factors of y?
2, 7
Let l(s) = -s**3 - 8*s**2 + 10*s - 6. Let i be l(-9). Let u be (50/i)/((-2)/12). Suppose -x + u + 3 = 0. List the prime factors of x.
23
Let s = -662 + 2370. What are the prime factors of s?
2, 7, 61
Let j(g) = -7*g + g + 14*g - 2 - 2. Let i(d) = -d**3 - 7*d**2 - 7*d - 3. Let c be i(-6). List the prime factors of j(c).
2, 5
Let p = -34 - -58. Suppose 2*w = -18*s + 21*s - 76, -4*s + 4*w = -96. Suppose p*u = s*u - 160. List the prime factors of u.
2, 5
Suppose 0 = -20*r + 19*r + 2. Suppose 0 = -p + r*i + 2*i + 98, 3*p = 2*i + 304. What are the prime factors of p?
2, 3, 17
Let w = 17 + -12. Suppose -3*y + 8 = l, -4*y - l + 16 = -w*l. List the prime factors of y/((-3)/1) + 26.
5
Let t = -1 + 3. Suppose -2*m - 8 = -4*k, 2*m + 0*m - 10 = -t*k. Suppose k*z = 2*u + 77, 2*z + z + 5*u - 70 = 0. What are the prime factors of z?
5
Suppose -6*k = -0*k + 132. Let u = -18 - k. Suppose -3*o + 75 = 4*s, -2*s - 4 = u*o - 34. List the prime factors of s.
3, 7
Let c = 1325 - 194. List the prime factors of c.
3, 13, 29
Let r(z) = -4*z - 3. Let x be r(-2). Let s(n) = n**3 - 4*n**2 - 6*n + 5. Let a be s(x). Suppose a = q + q - 22. What are the prime factors of q?
11
Let f(l) = -86*l**2 - 11*l - 14. Let i(t) = -29*t**2 - 4*t - 5. Let w(s) = 6*f(s) - 17*i(s). Let n be w(-1). Let h = -16 - n. List the prime factors of h.
2
Suppose 3*o - 7*o = -36. Let a be ((-12)/(-10))/(o/30). What are the prime factors of 489/21 - a/14?
23
Let l be (-64)/(-12) + 1/(-3). Suppose 0 = -l*b + 5*r - 120, 5*b - 3*b + 2*r = -36. Let c = 8 - b. What are the prime factors of c?
29
Let r = 2 + 0. Let q(n) = -10 + 13 - n + 14*n**r - 4. What are the prime factors of q(2)?
53
Suppose -51*t = -44*t - 112. Let i = 2 + 0. Let m = t + i. What are the prime factors of m?
2, 3
Let x(c) = -2*c**3 - 8*c**2 - 8*c - 43. What are the prime factors of x(-8)?
13, 41
Let r(t) = t**2 - 5*t + 17. Let d(c) = c**2 - 18*c - 8. Let p be d(19). What are the prime factors of r(p)?
83
Suppose -7*z = -2*z - 160. Suppose z = 2*a + 2*a. List the prime factors of a.
2
Let s(b) = b**2 - 3*b - 11. Suppose -3*t + 6*t + 5*i - 49 = 0, t + 3*i - 23 = 0. List the prime factors of s(t).
29
Let n(v) = 6*v - 14. Let m(j) = j - 29. Let g(h) = -h + 19. Let w(i) = -8*g(i) - 5*m(i). Let p(b) = -6*n(b) + 13*w(b). What are the prime factors of p(12)?
29
Let l(c) be the third derivative of -23*c**6/120 - c**5/30 + c**3/6 - 25*c**2. Let i be (-2)/4 - 3/6. List the prime factors of l(i).
2, 11
Let g(t) = 51*t - 109. List the prime factors of g(7).
2, 31
What are the prime factors of 7 - -166*(-6 + 7)?
173
Let k = -44 + 4. Let r be 3/2*k/6. What are the prime factors of 14 + r + (1 - -9)?
2, 7
Let c be (-20)/(-6)*6/4. Let u be 177/(-9) - (-5)/(-15). Let f = c - u. List the prime factors of f.
5
Let d be (-2)/10 - (-33)/15. Suppose 4*h - 230 = 5*k, -d*h + 4*h + 4*k = 102. What are the prime factors of h?
5, 11
Suppose 3*g - 4*m - 1221 = 0, -2*g - m - 203 + 1017 = 0. List the prime factors of g.
11, 37
Suppose 6*x = -0*x + 6768. Suppose -k + 9*k = x. List the prime factors of k.
3, 47
Let t be (-3)/12*-2 + (-299)/(-2). Let p = -42 + t. What are the prime factors of p?
2, 3
Let q be -3*(-4 - -6) - -10. Suppose 4*j = j + 15. Suppose 4*d + 50 = 2*n, n + j*d + 6 = -q. List the prime factors of n.
3, 5
Let q(k) = k**3 + 12*k**2 + 13*k + 25. Let f be q(-11). List the prime factors of (-1 + -3)*f/(-18)*63.
2, 3, 7
Suppose -4*i - 4*u = -2876, 3*u = 3*i - 1495 - 638. List the prime factors of i.
5, 11, 13
Let b = 453 - 271. List the prime factors of b.
2, 7, 13
Suppose -5*r = 2*y - 23, 2 + 3 = 2*r + 5*y. Suppose -r*v - 135 = -1480. List the prime factors of v.
269
Let p(a) = 10*a - 13. Suppose 0 = -8*l + 5*l - 5*m + 14, -l = 3*m + 2. List the prime factors of p(l).
3, 13
Suppose 2097 = 10*s - 643. What are the prime factors of s?
2, 137
Let r = -1246 + 4057. List the prime factors of r.
3, 937
Suppose 4*b = -3*j + 764, -4*b - j + 310 = -446. 